= -5*d + y. Calculate the remainder when 95 is divided by a.
11
Suppose -72 = -3*r + 9. What is the remainder when 181 is divided by r?
19
Let i be 28/(4/1) - 4. Suppose q - 7 = i. What is the remainder when (1 - -10)*30/q is divided by 17?
16
Let q(h) = -3*h + 76. Calculate the remainder when 237 is divided by q(22).
7
Let t(w) = -71*w - 9. Let z be t(-2). Suppose -184 + 66 = -2*l. Let n = z - l. What is the remainder when n is divided by 19?
17
Let j = -6 + 10. Suppose -j*i = -101 - 19. Calculate the remainder when i is divided by 8.
6
Let s = 6035 + -5907. Let x(w) = 26*w**2 - w - 1. What is the remainder when s is divided by x(-1)?
24
Suppose 4*k = 91 + 113. Suppose 0 = -68*u + 7969 + 9235. Calculate the remainder when u is divided by k.
49
Let x(c) = -2*c + 15 + 8 + 0 + 3*c. Calculate the remainder when 150 is divided by x(-6).
14
Let d = 32 - 23. Let j(h) = h**2 - 7*h + 3. Let i be j(7). What is the remainder when d is divided by 0/i + 4 - 1?
0
Let q = 2 - -47. Suppose -q = -3*o + 2*o. Suppose n - 14 + 1 = 0. Calculate the remainder when o is divided by n.
10
Let x = 365 - 349. Suppose 0 = -k - i + 11, 7*k = 3*k + 2*i + 20. What is the remainder when x is divided by k?
2
Calculate the remainder when (1 + -2)/(3/(-60)) is divided by 6/5*50/10.
2
Let l(b) be the third derivative of -b**5/60 + 5*b**4/12 + 5*b**3/2 - 16*b**2. What is the remainder when l(11) is divided by 2?
0
Suppose 0 = -d + 2*u - 3*u + 6, -3*d = -5*u + 6. Suppose -6 + d = -w. Suppose -w*y = 10 - 205. Calculate the remainder when y is divided by 22.
21
What is the remainder when (-7)/14 + 1813/14 is divided by 23?
14
Suppose 5*s - 4 = 1. Let x = 12 + -7. What is the remainder when (x - 1)/(3 + -1) is divided by s?
0
Let d be -3 - 14/2 - 0. Let q be (85/10)/((-1)/(-2)). Let m = q + d. What is the remainder when 19 is divided by m?
5
Suppose -l + 53 = -q, 0 = -5*q - 36 + 56. Calculate the remainder when l is divided by 13.
5
Let a = 244 - 240. Calculate the remainder when (-20)/(-6)*(-18)/(-4) is divided by a.
3
Calculate the remainder when 23 is divided by (-5)/(-10)*-1*-46.
0
Let u be (-62)/(-16) + 1/8. Suppose -4*p - 5 - 7 = u*o, 0 = -p + o + 7. Let z(s) = s**3 - s**2 + s + 1. What is the remainder when 17 is divided by z(p)?
3
Let c = -1673 + 1802. What is the remainder when 514 is divided by c?
127
Suppose 2*c - 2*u - 39 = 3*u, -3*c + 67 = u. What is the remainder when 108 is divided by c?
20
Suppose 54 = 2960*f - 2954*f. Calculate the remainder when 2/(-2) + 17 - -1 is divided by f.
8
Suppose 0*a + 4*a - 10 = k, 2*a = 3*k. Let c(r) = -r**2 + 5*r - 2. Let x be c(5). What is the remainder when (k/6)/(x/(-6)) is divided by 1?
0
Let r(i) = -i**2 - 12*i - 18. Let h be r(-10). Suppose 4*c - 4*d - 416 = 0, -d + 120 = c + h*d. Calculate the remainder when c is divided by 28.
24
Let g(j) = -6 + 14*j + 6. Calculate the remainder when g(12) is divided by 43.
39
Suppose 3*k + 5*v = -3 + 113, 3*v - 120 = -3*k. What is the remainder when k is divided by 30?
15
Let j(a) = -a**2 + 13*a + 7. Let f be j(15). Suppose -7 = -4*w - 19. Let t = w - f. Calculate the remainder when t is divided by 7.
6
Suppose u = -u - b + 16, -5*u = 2*b - 39. Let o = 20 - 8. What is the remainder when o is divided by u?
5
Suppose -3*o + 165 = 5*h, 3*h - 55 - 43 = -2*o. Calculate the remainder when 105 is divided by h.
33
Let r be (12/(-30))/(2/(-90)). Let w be 22/99 - (-1166)/r. Let p = w + -36. Calculate the remainder when p is divided by 15.
14
Let u = 198 - 190. Calculate the remainder when 36 is divided by u.
4
Let s(c) = -2*c**3 - 8*c**2 - 3*c - 13. Let b be s(-6). Let u = 234 - b. What is the remainder when u is divided by 11?
8
Calculate the remainder when (35 + -1)/((-2 + 8)/18) is divided by 27.
21
Let w = 604 - 518. Let s(u) = -8*u + 22*u**3 + 8*u. What is the remainder when w is divided by s(1)?
20
Suppose 5*c + 3*m - 103 = 0, -m = -c + 4*m + 43. Suppose r = -f + c, -2*f - 32 = -2*r - 2. Calculate the remainder when r is divided by 4.
3
Suppose -347 + 1179 = 16*y. What is the remainder when 203 is divided by y?
47
Suppose -4*f + r - 33 = -94, -r = -2*f + 31. Suppose f + 57 = 4*k. Suppose 2*w = -0*w + k. Calculate the remainder when 34 is divided by w.
7
Let p(q) = -9*q**2 - 8*q + 5 + 14*q**2 + 4*q**2 - q**3. Calculate the remainder when 139 is divided by p(7).
45
Let w be (-6)/(-2*(-12)/(-112)). Let r be 14/w + (-1)/2. Suppose 4*j - 84 - 288 = r. What is the remainder when j is divided by 16?
13
Suppose -689 = -0*m - 53*m. Let c be 6/9 - (-10)/3. Suppose -158 = -c*z + 42. Calculate the remainder when z is divided by m.
11
Let u(g) = 2*g + 14. Let d = 44 - 37. Calculate the remainder when u(d) is divided by 10.
8
Let k(g) = 74*g - 131. Calculate the remainder when k(4) is divided by 21.
18
Let l(i) = 3*i**2 - 2. Let q(v) = 3*v**2 - v - 3. Let t(h) = 4*l(h) - 3*q(h). What is the remainder when 92 is divided by t(-3)?
16
Let o(x) = -x**2 - 11*x - 10. Let t be -5 + (-3 + (2 - 1))/1. What is the remainder when 35 is divided by o(t)?
17
Let t = -413 - -513. Calculate the remainder when t is divided by 26.
22
Let h(q) = -2*q - 8. Let l be h(-7). Let y = 21 - l. What is the remainder when y is divided by 8?
7
Suppose -4*w - 3*j + 2 = 2*j, -2*w - 2 = 4*j. Let k = 59 + -40. Suppose -3 = w*p, 0*p - p = 2*v - k. What is the remainder when 28 is divided by v?
8
Suppose 23 = k - 4*o, -2*k = -2*o - o - 36. Calculate the remainder when 20 is divided by k.
5
Suppose 5*k - 2*p = 2*p + 581, 5*p + 346 = 3*k. Let g = k + -43. Calculate the remainder when g is divided by 15.
14
Let s(p) = p**3 - 14*p**2 + 7*p - 30. Calculate the remainder when s(14) is divided by 25.
18
Suppose 3*b = -9, b + 21 = -3*j - 2*b. Calculate the remainder when 149 is divided by ((-7)/(-2) - j)*2.
14
Let s = 1 + 2. Suppose 4*k - 4*g - 20 = 0, -s - 2 = -k - 2*g. Calculate the remainder when k is divided by ((-3)/(-2))/((-6)/(-8)).
1
Suppose -3*h - 3 = 0, q + 1 = -2*h + 16. What is the remainder when 865 is divided by q?
15
Let l(t) = t + 3. What is the remainder when (-6)/(-27) - 4704/(-216) is divided by l(5)?
6
What is the remainder when 9/((-63)/14) + 21 is divided by 4?
3
Suppose 3*m + 5*z - 60 = -2*m, 0 = -3*m - 4*z + 39. What is the remainder when 1 - (-3)/(-3) - -31 is divided by m?
4
Let c be (6/(-4))/((-6)/(-36)). Let b = c - -16. Suppose 3*s - 2*d = 258, 6*s = b*s - d - 86. What is the remainder when s is divided by 22?
20
Let x(l) = 2*l**3 + 4*l**2 + 5*l - 1. Let p be x(-9). Suppose -n + 4 = 2*j, -4*j = n + 3*n - 16. Calculate the remainder when (-1)/(n/(p/5)) is divided by 20.
19
Let u = 82 + -28. Calculate the remainder when u is divided by 4.
2
Let p(x) be the first derivative of x**3/3 - 9*x**2/2 - 5*x - 29. Let d = 1 + 6. What is the remainder when d is divided by p(10)?
2
Let p be -8 + (2 - (2 + -1)). Let c = p - -33. Suppose -c = -4*y - 6. Calculate the remainder when 8 is divided by y.
3
What is the remainder when 74 is divided by (2660/350)/((-4)/(-10))?
17
Let i(h) = -4*h + 1. Suppose 0 = 30*t - 34*t + 20. What is the remainder when i(-2) is divided by t?
4
Let j(q) = -q**2 + 11*q + 11. What is the remainder when 746 is divided by j(0)?
9
Let s = -795 - -867. Calculate the remainder when s is divided by 19.
15
Calculate the remainder when ((-74)/8)/(82/(-328)) is divided by 7.
2
Let g(n) = 680*n - 104. Calculate the remainder when g(1) is divided by 116.
112
Suppose 15 = -3*o - 3. Let d be 6*2*(-1)/o. Suppose -5*h - 4*y = -96, -d*y - 18 = -3*h + 22. What is the remainder when h is divided by 6?
4
Let y = 0 + 5. Let w = -31 - -55. Calculate the remainder when w is divided by y.
4
Let y(x) = -5*x**2 - 3*x + 3. Let f be y(4). Let z(a) = 122*a + 2. Let v be z(1). Let l = v + f. What is the remainder when l is divided by 13?
9
Let w = -204 - -219. What is the remainder when (-1)/(-2) - ((-135)/(-2))/(-3) is divided by w?
8
Suppose k - 1 = z, 5*z = 5*k - 4*k + 3. Suppose k*i = 123 + 29. Calculate the remainder when i is divided by 20.
16
Let r(p) = 7*p - 15. Let o be r(6). Suppose -17 - o = -2*c. Calculate the remainder when c is divided by 8.
6
Suppose -2*f + 5*m = -6*f + 182, -2*m + 90 = 2*f. Calculate the remainder when f is divided by (33/12)/(2 + 30/(-16)).
21
Suppose -10*n + 6549 = -91. Calculate the remainder when n is